multiple of 3?
False
Does 47 divide 21828?
False
Does 81 divide 18306?
True
Is 162 a factor of 14505?
False
Does 25 divide 200?
True
Is 10 a factor of 12291?
False
Is 4 a factor of 280?
True
Is 13062 a multiple of 108?
False
Is 26714 a multiple of 38?
True
Is 3198 a multiple of 78?
True
Does 21 divide 3712?
False
Is 36 a factor of 3512?
False
Does 13 divide 1445?
False
Does 20 divide 593?
False
Does 142 divide 2180?
False
Does 13 divide 871?
True
Is 1989 a multiple of 28?
False
Does 15 divide 49020?
True
Is 14303 a multiple of 21?
False
Is 12 a factor of 252?
True
Is 100 a factor of 1400?
True
Is 19 a factor of 13395?
True
Does 35 divide 1575?
True
Does 4 divide 134?
False
Does 12 divide 168?
True
Does 6 divide 8856?
True
Is 299 a multiple of 29?
False
Is 84 a multiple of 7?
True
Is 9639 a multiple of 51?
True
Is 56 a factor of 728?
True
Is 110 a factor of 17187?
False
Is 33 a factor of 462?
True
Does 58 divide 29745?
False
Is 12 a factor of 1014?
False
Does 6 divide 642?
True
Does 58 divide 495?
False
Is 532 a multiple of 4?
True
Is 41 a factor of 1025?
True
Does 30 divide 360?
True
Does 15 divide 465?
True
Is 14 a factor of 490?
True
Does 5 divide 9685?
True
Does 29 divide 4147?
True
Is 13 a factor of 42636?
False
Is 14 a factor of 7522?
False
Does 5 divide 180?
True
Is 648 a multiple of 54?
True
Is 1328 a multiple of 48?
False
Does 33 divide 697?
False
Is 80 a factor of 1760?
True
Does 9 divide 1604?
False
Is 35 a multiple of 5?
True
Does 15 divide 1125?
True
Is 3351 a multiple of 35?
False
Is 26 a factor of 598?
True
Does 12 divide 115?
False
Does 27 divide 31563?
True
Is 376 a multiple of 47?
True
Is 21 a factor of 1449?
True
Does 33 divide 2838?
True
Is 31580 a multiple of 4?
True
Is 3 a factor of 153?
True
Does 20 divide 162420?
True
Is 7 a factor of 594?
False
Is 5490 a multiple of 30?
True
Is 61 a factor of 5795?
True
Does 48 divide 2160?
True
Does 67 divide 11556?
False
Is 10 a factor of 560?
True
Is 15 a factor of 3400?
False
Is 84 a factor of 190?
False
Does 4 divide 194?
False
Does 120 divide 7866?
False
Is 4300 a multiple of 43?
True
Is 12859 a multiple of 47?
False
Does 29 divide 846?
False
Does 23 divide 1901?
False
Does 5 divide 483?
False
Does 10 divide 119?
False
Is 10090 a multiple of 21?
False
Is 64 a factor of 22747?
False
Does 79 divide 18716?
False
Is 91960 a multiple of 190?
True
Is 1002 a multiple of 6?
True
Does 115 divide 7935?
True
Does 12 divide 1404?
True
Does 2 divide 26?
True
Is 14635 a multiple of 48?
False
Does 37 divide 58460?
True
Is 3 a factor of 6641?
False
Is 18 a factor of 28386?
True
Does 5 divide 245?
True
Is 128 a factor of 18688?
True
Is 9 a factor of 311?
False
Is 9 a factor of 21474?
True
Is 502 a multiple of 36?
False
Is 42 a factor of 92?
False
Is 62 a factor of 1302?
True
Is 22 a factor of 1511?
False
Is 391 a multiple of 23?
True
Does 17 divide 614?
False
Is 11 a factor of 23155?
True
Is 14725 a multiple of 25?
True
Is 8 a factor of 40?
True
Is 3114 a multiple of 12?
False
Is 7 a factor of 7399?
True
Is 41999 a multiple of 150?
False
Does 12 divide 21816?
True
Does 18 divide 1759?
False
Does 42 divide 1974?
True
Does 5 divide 1147?
False
Is 9 a factor of 3170?
False
Does 65 divide 1994?
False
Is 53 a factor of 1768?
False
Is 10 a factor of 4990?
True
Is 369 a multiple of 5?
False
Does 3 divide 992?
False
Does 224 divide 6048?
True
Is 9684 a multiple of 16?
False
Does 20 divide 1537?
False
Does 14 divide 5511?
False
Is 1093 a multiple of 8?
False
Is 3 a factor of 388?
False
Does 27 divide 5764?
False
Is 210 a factor of 41887?
False
Does 5 divide 225?
True
Is 827 a multiple of 40?
False
Is 5282 a multiple of 197?
False
Does 13 divide 1118?
True
Does 52 divide 118?
False
Is 254 a multiple of 16?
False
Is 122 a factor of 1830?
True
Does 27 divide 35094?
False
Is 681 a multiple of 2?
False
Does 159 divide 67098?
True
Is 128 a multiple of 4?
True
Does 45 divide 2855?
False
Does 84 divide 11578?
False
Is 33 a factor of 19057?
False
Is 2766 a multiple of 21?
False
Is 21797 a multiple of 38?
False
Is 11 a factor of 583?
True
Is 10 a factor of 701?
False
Is 79 a factor of 25596?
True
Does 189 divide 22977?
False
Is 31365 a multiple of 205?
True
Does 74 divide 21608?
True
Is 11677 a multiple of 63?
False
Does 37 divide 15901?
False
Is 10228 a multiple of 19?
False
Is 151 a factor of 71375?
False
Is 29 a factor of 421?
False
Is 10884 a multiple of 35?
False
Is 38 a factor of 5358?
True
Does 38 divide 8258?
False
Does 5 divide 229?
False
Is 8412 a multiple of 12?
True
Does 190 divide 86198?
False
Is 8523 a multiple of 11?
False
Is 1088 a multiple of 7?
False
Does 81 divide 29484?
True
Is 1618 a multiple of 8?
False
Does 58 divide 5004?
False
Does 13 divide 1487?
False
Is 1586 a multiple of 99?
False
Is 593 a multiple of 19?
False
Is 28 a factor of 2393?
False
Is 2 a factor of 1455?
False
Is 53 a factor of 3551?
True
Is 60 a factor of 1140?
True
Is 67 a factor of 1201?
False
Is 21 a factor of 866?
False
Does 3 divide 214?
False
Is 2410 a multiple of 10?
True
Does 6 divide 383?
False
Does 93 divide 279?
True
Does 68 divide 22032?
True
Does 29 divide 4546?
False
Is 108 a factor of 17354?
False
Is 49397 a multiple of 47?
True
Does 9 divide 270?
True
Does 32 divide 14250?
False
Does 4 divide 1301?
False
Is 1381 a multiple of 18?
False
Does 75 divide 9126?
False
Does 34 divide 3154?
False
Does 6 divide 14790?
True
Is 9 a factor of 36687?
False
Is 1404 a multiple of 13?
True
Is 178 a multiple of 16?
False
Does 13 divide 91?
True
Does 3 divide 336?
True
Does 15 divide 1332?
False
Is 47 a factor of 778?
False
Is 10162 a multiple of 17?
False
Does 24 divide 4728?
True
Is 4 a factor of 1340?
True
Is 9 a factor of 223?
False
Does 24 divide 8376?
True
Does 26 divide 137904?
True
Is 88 a factor of 1995?
False
Does 7 divide 486?
False
Does 72 divide 14544?
True
Does 9 divide 2801?
False
Does 17 divide 2618?
True
Is 17 a factor of 17?
True
Is 32288 a multiple of 3?
False
Is 26 a factor of 832?
True
Is 4 a factor of 7467?
False
Is 138 a factor of 67344?
True
Is 26481 a multiple of 21?
True
Is 4 a factor of 57?
False
Is 46 a factor of 1426?
True
Is 1379 a multiple of 7?
True
Is 15 a factor of 3000?
True
Does 40 divide 280?
True
Is 6 a factor of 34?
False
Is 10716 a multiple of 6?
True
Does 74 divide 9506?
False
Does 37 divide 181?
False
Is 47817 a multiple of 99?
True
Is 261 a factor of 16965?
True
Is 692 a multiple of 73?
False
Is 17 a factor of 3782?
False
Is 34500 a multiple of 46?
True
Is 15 a factor of 2003?
False
Is 95 a factor of 2375?
True
Is 95 a factor of 1162?
False
Does 80 divide 58634?
False
Is 1344 a multiple of 14?
True
Is 148 a factor of 11544?
True
Does 8 divide 536?
True
Does 14 divide 56?
True
Is 10556 a multiple of 91?
True
Is 6483 a multiple of 8?
False
Does 18 divide 729?
False
Is 48 a factor of 1680?
True
Is 7728 a multiple of 112?
True
Is 97056 a multiple of 144?
True
Is 1000 a multiple of 50?
True
Does 40 divide 400?
True
Is 520 a multiple of 4?
True
Does 44 divide 457?
False
Does 123 divide 246?
True
Does 14 divide 1142?
False
Does 22 divide 23650?
True
Is 11 a factor of 469?
False
Is 4367 a multiple of 16?
False
Does 5 divide 58?
False
Is 3782 a multiple of 222?
False
Is 15 a factor of 1035?
True
Is 22 a factor of 9631?
False
Is 86 a multiple of 11?
False
Does 119 divide 6137?
False
Does 57 divide 5700?
True
Does 263 divide 7101?
True
Is 15 a factor of 35300?
False
Does 13 divide 2984?
False
Does 16 divide 384?
True
Does 177 divide 56286?
True
Does 107 divide 10272?
True
Is 60 a factor of 62520?
True
Is 20 a factor of 557?
False
Does 11 divide 1186?
False
Is 5289 a multiple of 129?
True
Does 17 divide 12393?
True
Is 29 a factor of 4619?
False
Does 22 divide 308?
True
Does 58 divide 7366?
True
Does 9 divide 8001?
True
Is 2573 a multiple of 108?
False
Does 17 divide 1071?
True
Is 18 a factor of 1674?
True
Is 731 a multiple of 15?
False
Does 90 divide 7650?
True
Does 17 divide 6010?
False
Does 60 divide 558?
False
Is 25 a factor of 525?
True
Is 69 a factor of 29111?
False
Is 30886 a multiple of 60?
False
Does 7 divide 252?
True
Does 32 divide 3232?
True
Is 3 a factor of 2408?
False
Does 26 divide 62062?
True
Is 35 a factor of 527?
False
Is 4544 even?
True
Does 10 divide 970?
True
Is 13277 a mult